{"id":33,"date":"2025-11-28T00:32:08","date_gmt":"2025-11-27T23:32:08","guid":{"rendered":"https:\/\/www.mudanzasenlimaperu.com\/?page_id=33"},"modified":"2026-03-23T13:21:02","modified_gmt":"2026-03-23T12:21:02","slug":"mudanzas-residenciales-hogares","status":"publish","type":"page","link":"https:\/\/www.mudanzasenlimaperu.com\/?page_id=33","title":{"rendered":"Mudanzas Residenciales (Hogares)"},"content":{"rendered":"\n<div class=\"wp-block-cover\" style=\"min-height:377px;aspect-ratio:unset;\"><img loading=\"lazy\" decoding=\"async\" width=\"737\" height=\"413\" class=\"wp-block-cover__image-background wp-image-94 size-full\" alt=\"\" src=\"https:\/\/www.mudanzasenlimaperu.com\/wp-content\/uploads\/2025\/11\/Sin-titulo-103.jpg\" style=\"object-position:29% 57%\" data-object-fit=\"cover\" data-object-position=\"29% 57%\" srcset=\"https:\/\/www.mudanzasenlimaperu.com\/wp-content\/uploads\/2025\/11\/Sin-titulo-103.jpg 737w, https:\/\/www.mudanzasenlimaperu.com\/wp-content\/uploads\/2025\/11\/Sin-titulo-103-300x168.jpg 300w\" sizes=\"auto, (max-width: 737px) 100vw, 737px\" \/><span aria-hidden=\"true\" class=\"wp-block-cover__background has-foreground-background-color has-background-dim-60 has-background-dim\"><\/span><div class=\"wp-block-cover__inner-container is-layout-constrained wp-block-cover-is-layout-constrained\">\n<p class=\"has-text-align-center has-white-color has-text-color has-background has-link-color wp-elements-ace3afbbb075e9ab1797c0f1e888b247\" style=\"background-color:#ffffff00;font-size:14px\">Conf\u00ede en nuestro Servicio Premium para una mudanza residencial sin estr\u00e9s. Le garantizamos el embalaje seguro,el transporte asegurado y la m\u00e1xima excelencia en el cuidado de su hogar, de principio a fin.<\/p>\n\n\n\n<div class=\"wp-block-buttons is-content-justification-center is-layout-flex wp-container-core-buttons-is-layout-a89b3969 wp-block-buttons-is-layout-flex\">\n<div class=\"wp-block-button is-style-fill\"><a class=\"wp-block-button__link has-blush-bordeaux-gradient-background has-background has-text-align-center has-custom-font-size wp-element-button\" href=\"https:\/\/wa.link\/7frwnf\" style=\"padding-top:var(--wp--preset--spacing--20);padding-right:var(--wp--preset--spacing--30);padding-bottom:var(--wp--preset--spacing--20);padding-left:var(--wp--preset--spacing--30);font-size:12px\">\u00a1COTIZA TU SERVICIO AL INSTANTE!<\/a><\/div>\n<\/div>\n<\/div><\/div>\n\n\n\n<div class=\"wp-block-columns is-layout-flex wp-container-core-columns-is-layout-28f84493 wp-block-columns-is-layout-flex\">\n<div class=\"wp-block-column is-layout-flow wp-block-column-is-layout-flow\">\n<h2 class=\"wp-block-heading has-text-align-center\" style=\"font-size:16px\">\u200bEmbalaje Total Profesional<\/h2>\n\n\n\n<div class=\"wp-block-group is-layout-constrained wp-block-group-is-layout-constrained\">\n<p class=\"has-text-align-center has-foreground-color has-text-color has-link-color wp-elements-c8a78016ea9ba3cb5999930d152e9745\" style=\"font-size:16px\">Protecci\u00f3n experta para cristaler\u00eda, arte y objetos de alto valor.<br>\u200bSeguro de Mercanc\u00eda: Cobertura total de sus bienes durante todo el traslado.<\/p>\n<\/div>\n<\/div>\n\n\n\n<div class=\"wp-block-column is-layout-flow wp-block-column-is-layout-flow\">\n<h2 class=\"wp-block-heading has-text-align-center\" style=\"font-size:16px\">\u200bMontaje y Desmontaje de Mobiliario<\/h2>\n\n\n\n<div class=\"wp-block-group is-layout-constrained wp-block-group-is-layout-constrained\">\n<p class=\"has-text-align-center has-foreground-color has-text-color has-link-color wp-elements-f2874bc1b54e0539c5dee514c64e16bf\" style=\"font-size:16px\">Servicio especializado para muebles, l\u00e1mparas y estanter\u00edas complejas.<\/p>\n<\/div>\n<\/div>\n\n\n\n<div class=\"wp-block-column is-layout-flow wp-block-column-is-layout-flow\">\n<h2 class=\"wp-block-heading has-text-align-center\" style=\"font-size:16px\">\u200bSeguro de Mercanc\u00eda<\/h2>\n\n\n\n<div class=\"wp-block-group is-layout-constrained wp-block-group-is-layout-constrained\">\n<p class=\"has-text-align-center has-foreground-color has-text-color has-link-color wp-elements-387293a6078730e2dead5709ee045ab7\" style=\"font-size:16px\">Cobertura total de sus bienes durante todo el traslado.<\/p>\n<\/div>\n<\/div>\n<\/div>\n\n\n\n<div class=\"wp-block-columns is-layout-flex wp-container-core-columns-is-layout-28f84493 wp-block-columns-is-layout-flex\">\n<div class=\"wp-block-column is-layout-flow wp-block-column-is-layout-flow\">\n<h2 class=\"wp-block-heading has-text-align-center\" style=\"font-size:16px\">Gestor Personal de Mudanza<\/h2>\n\n\n\n<p class=\"has-text-align-center\">Un experto dedicado a supervisar y coordinar cada fase del proceso.<\/p>\n<\/div>\n<\/div>\n\n\n\n<div class=\"wp-block-columns is-layout-flex wp-container-core-columns-is-layout-28f84493 wp-block-columns-is-layout-flex\">\n<div class=\"wp-block-column is-layout-flow wp-block-column-is-layout-flow\">\n<h2 class=\"wp-block-heading has-text-align-center\">fotos<\/h2>\n\n\n\n<figure class=\"wp-block-gallery has-nested-images columns-default is-cropped wp-block-gallery-1 is-layout-flex wp-block-gallery-is-layout-flex\">\n<figure class=\"wp-block-image size-large\"><img loading=\"lazy\" decoding=\"async\" width=\"465\" height=\"309\" data-id=\"16\" src=\"https:\/\/www.mudanzasenlimaperu.com\/wp-content\/uploads\/2025\/11\/imajen-de-jtp-1.jpg\" alt=\"\" class=\"wp-image-16\" srcset=\"https:\/\/www.mudanzasenlimaperu.com\/wp-content\/uploads\/2025\/11\/imajen-de-jtp-1.jpg 465w, https:\/\/www.mudanzasenlimaperu.com\/wp-content\/uploads\/2025\/11\/imajen-de-jtp-1-300x199.jpg 300w\" sizes=\"auto, (max-width: 465px) 100vw, 465px\" \/><\/figure>\n\n\n\n<figure class=\"wp-block-image size-large\"><img loading=\"lazy\" decoding=\"async\" width=\"400\" height=\"495\" data-id=\"116\" src=\"https:\/\/www.mudanzasenlimaperu.com\/wp-content\/uploads\/2025\/11\/perfecto-45.jpg\" alt=\"\" class=\"wp-image-116\" srcset=\"https:\/\/www.mudanzasenlimaperu.com\/wp-content\/uploads\/2025\/11\/perfecto-45.jpg 400w, https:\/\/www.mudanzasenlimaperu.com\/wp-content\/uploads\/2025\/11\/perfecto-45-242x300.jpg 242w\" sizes=\"auto, (max-width: 400px) 100vw, 400px\" \/><\/figure>\n\n\n\n<figure class=\"wp-block-image size-large\"><img loading=\"lazy\" decoding=\"async\" width=\"474\" height=\"307\" data-id=\"119\" src=\"https:\/\/www.mudanzasenlimaperu.com\/wp-content\/uploads\/2025\/11\/Sin-titulo-9.jpg\" alt=\"\" class=\"wp-image-119\" srcset=\"https:\/\/www.mudanzasenlimaperu.com\/wp-content\/uploads\/2025\/11\/Sin-titulo-9.jpg 474w, https:\/\/www.mudanzasenlimaperu.com\/wp-content\/uploads\/2025\/11\/Sin-titulo-9-300x194.jpg 300w\" sizes=\"auto, (max-width: 474px) 100vw, 474px\" \/><\/figure>\n\n\n\n<figure class=\"wp-block-image size-large\"><img loading=\"lazy\" decoding=\"async\" width=\"476\" height=\"309\" data-id=\"115\" src=\"https:\/\/www.mudanzasenlimaperu.com\/wp-content\/uploads\/2025\/11\/jtp-mita.jpg\" alt=\"\" class=\"wp-image-115\" srcset=\"https:\/\/www.mudanzasenlimaperu.com\/wp-content\/uploads\/2025\/11\/jtp-mita.jpg 476w, https:\/\/www.mudanzasenlimaperu.com\/wp-content\/uploads\/2025\/11\/jtp-mita-300x195.jpg 300w\" sizes=\"auto, (max-width: 476px) 100vw, 476px\" \/><\/figure>\n\n\n\n<figure class=\"wp-block-image size-large\"><img loading=\"lazy\" decoding=\"async\" width=\"965\" height=\"844\" data-id=\"118\" src=\"https:\/\/www.mudanzasenlimaperu.com\/wp-content\/uploads\/2025\/11\/Sin-titulo-116.jpg\" alt=\"\" class=\"wp-image-118\" srcset=\"https:\/\/www.mudanzasenlimaperu.com\/wp-content\/uploads\/2025\/11\/Sin-titulo-116.jpg 965w, https:\/\/www.mudanzasenlimaperu.com\/wp-content\/uploads\/2025\/11\/Sin-titulo-116-300x262.jpg 300w, https:\/\/www.mudanzasenlimaperu.com\/wp-content\/uploads\/2025\/11\/Sin-titulo-116-768x672.jpg 768w\" sizes=\"auto, (max-width: 965px) 100vw, 965px\" \/><\/figure>\n\n\n\n<figure class=\"wp-block-image size-large\"><img loading=\"lazy\" decoding=\"async\" width=\"557\" height=\"535\" data-id=\"120\" src=\"https:\/\/www.mudanzasenlimaperu.com\/wp-content\/uploads\/2025\/11\/Sin-titulo-115.jpg\" alt=\"\" class=\"wp-image-120\" srcset=\"https:\/\/www.mudanzasenlimaperu.com\/wp-content\/uploads\/2025\/11\/Sin-titulo-115.jpg 557w, https:\/\/www.mudanzasenlimaperu.com\/wp-content\/uploads\/2025\/11\/Sin-titulo-115-300x288.jpg 300w\" sizes=\"auto, (max-width: 557px) 100vw, 557px\" \/><\/figure>\n<\/figure>\n<\/div>\n<\/div>\n","protected":false},"excerpt":{"rendered":"<p>\u200bEmbalaje Total Profesional Protecci\u00f3n experta para cristaler\u00eda, arte y objetos de alto valor.\u200bSeguro de Mercanc\u00eda: [&hellip;]<\/p>\n","protected":false},"author":1,"featured_media":0,"parent":0,"menu_order":0,"comment_status":"closed","ping_status":"closed","template":"","meta":{"_joinchat":[],"footnotes":""},"class_list":["post-33","page","type-page","status-publish","hentry"],"yoast_head":"<!-- This site is optimized with the Yoast SEO plugin v27.3 - https:\/\/yoast.com\/product\/yoast-seo-wordpress\/ -->\n<title>Mudanzas Residenciales (Hogares) - Mudanzas en Lima Per&uacute;<\/title>\n<meta name=\"description\" content=\"Mudanzas Residenciales en Lima. Servicio completo para casas y departamentos. Traslado seguro y embalaje profesional.\" \/>\n<meta name=\"robots\" content=\"index, follow, max-snippet:-1, max-image-preview:large, max-video-preview:-1\" \/>\n<link rel=\"canonical\" href=\"https:\/\/www.mudanzasenlimaperu.com\/?page_id=33\" \/>\n<meta property=\"og:locale\" content=\"es_ES\" \/>\n<meta property=\"og:type\" content=\"article\" \/>\n<meta property=\"og:title\" content=\"Mudanzas Residenciales (Hogares) - Mudanzas en Lima Per&uacute;\" \/>\n<meta property=\"og:description\" content=\"Mudanzas Residenciales en Lima. Servicio completo para casas y departamentos. Traslado seguro y embalaje profesional.\" \/>\n<meta property=\"og:url\" content=\"https:\/\/www.mudanzasenlimaperu.com\/?page_id=33\" \/>\n<meta property=\"og:site_name\" content=\"Mudanzas en Lima Per&uacute;\" \/>\n<meta property=\"article:modified_time\" content=\"2026-03-23T12:21:02+00:00\" \/>\n<meta property=\"og:image\" content=\"https:\/\/www.mudanzasenlimaperu.com\/wp-content\/uploads\/2025\/11\/Sin-titulo-103.jpg\" \/>\n\t<meta property=\"og:image:width\" content=\"737\" \/>\n\t<meta property=\"og:image:height\" content=\"413\" \/>\n\t<meta property=\"og:image:type\" content=\"image\/jpeg\" \/>\n<meta name=\"twitter:card\" content=\"summary_large_image\" \/>\n<meta name=\"twitter:label1\" content=\"Tiempo de lectura\" \/>\n\t<meta name=\"twitter:data1\" content=\"2 minutos\" \/>\n<script type=\"application\/ld+json\" class=\"yoast-schema-graph\">{\"@context\":\"https:\\\/\\\/schema.org\",\"@graph\":[{\"@type\":\"WebPage\",\"@id\":\"https:\\\/\\\/www.mudanzasenlimaperu.com\\\/?page_id=33\",\"url\":\"https:\\\/\\\/www.mudanzasenlimaperu.com\\\/?page_id=33\",\"name\":\"Mudanzas Residenciales (Hogares) - Mudanzas en Lima Per&uacute;\",\"isPartOf\":{\"@id\":\"https:\\\/\\\/www.mudanzasenlimaperu.com\\\/#website\"},\"primaryImageOfPage\":{\"@id\":\"https:\\\/\\\/www.mudanzasenlimaperu.com\\\/?page_id=33#primaryimage\"},\"image\":{\"@id\":\"https:\\\/\\\/www.mudanzasenlimaperu.com\\\/?page_id=33#primaryimage\"},\"thumbnailUrl\":\"https:\\\/\\\/www.mudanzasenlimaperu.com\\\/wp-content\\\/uploads\\\/2025\\\/11\\\/Sin-titulo-103.jpg\",\"datePublished\":\"2025-11-27T23:32:08+00:00\",\"dateModified\":\"2026-03-23T12:21:02+00:00\",\"description\":\"Mudanzas Residenciales en Lima. Servicio completo para casas y departamentos. Traslado seguro y embalaje profesional.\",\"breadcrumb\":{\"@id\":\"https:\\\/\\\/www.mudanzasenlimaperu.com\\\/?page_id=33#breadcrumb\"},\"inLanguage\":\"es\",\"potentialAction\":[{\"@type\":\"ReadAction\",\"target\":[\"https:\\\/\\\/www.mudanzasenlimaperu.com\\\/?page_id=33\"]}]},{\"@type\":\"ImageObject\",\"inLanguage\":\"es\",\"@id\":\"https:\\\/\\\/www.mudanzasenlimaperu.com\\\/?page_id=33#primaryimage\",\"url\":\"https:\\\/\\\/www.mudanzasenlimaperu.com\\\/wp-content\\\/uploads\\\/2025\\\/11\\\/Sin-titulo-103.jpg\",\"contentUrl\":\"https:\\\/\\\/www.mudanzasenlimaperu.com\\\/wp-content\\\/uploads\\\/2025\\\/11\\\/Sin-titulo-103.jpg\",\"width\":737,\"height\":413},{\"@type\":\"BreadcrumbList\",\"@id\":\"https:\\\/\\\/www.mudanzasenlimaperu.com\\\/?page_id=33#breadcrumb\",\"itemListElement\":[{\"@type\":\"ListItem\",\"position\":1,\"name\":\"Portada\",\"item\":\"https:\\\/\\\/www.mudanzasenlimaperu.com\\\/\"},{\"@type\":\"ListItem\",\"position\":2,\"name\":\"Mudanzas Residenciales (Hogares)\"}]},{\"@type\":\"WebSite\",\"@id\":\"https:\\\/\\\/www.mudanzasenlimaperu.com\\\/#website\",\"url\":\"https:\\\/\\\/www.mudanzasenlimaperu.com\\\/\",\"name\":\"Mudanzas en Lima Per&uacute;\",\"description\":\"\",\"potentialAction\":[{\"@type\":\"SearchAction\",\"target\":{\"@type\":\"EntryPoint\",\"urlTemplate\":\"https:\\\/\\\/www.mudanzasenlimaperu.com\\\/?s={search_term_string}\"},\"query-input\":{\"@type\":\"PropertyValueSpecification\",\"valueRequired\":true,\"valueName\":\"search_term_string\"}}],\"inLanguage\":\"es\"}]}<\/script>\n<!-- \/ Yoast SEO plugin. -->","yoast_head_json":{"title":"Mudanzas Residenciales (Hogares) - Mudanzas en Lima Per&uacute;","description":"Mudanzas Residenciales en Lima. Servicio completo para casas y departamentos. Traslado seguro y embalaje profesional.","robots":{"index":"index","follow":"follow","max-snippet":"max-snippet:-1","max-image-preview":"max-image-preview:large","max-video-preview":"max-video-preview:-1"},"canonical":"https:\/\/www.mudanzasenlimaperu.com\/?page_id=33","og_locale":"es_ES","og_type":"article","og_title":"Mudanzas Residenciales (Hogares) - Mudanzas en Lima Per&uacute;","og_description":"Mudanzas Residenciales en Lima. Servicio completo para casas y departamentos. Traslado seguro y embalaje profesional.","og_url":"https:\/\/www.mudanzasenlimaperu.com\/?page_id=33","og_site_name":"Mudanzas en Lima Per&uacute;","article_modified_time":"2026-03-23T12:21:02+00:00","og_image":[{"width":737,"height":413,"url":"https:\/\/www.mudanzasenlimaperu.com\/wp-content\/uploads\/2025\/11\/Sin-titulo-103.jpg","type":"image\/jpeg"}],"twitter_card":"summary_large_image","twitter_misc":{"Tiempo de lectura":"2 minutos"},"schema":{"@context":"https:\/\/schema.org","@graph":[{"@type":"WebPage","@id":"https:\/\/www.mudanzasenlimaperu.com\/?page_id=33","url":"https:\/\/www.mudanzasenlimaperu.com\/?page_id=33","name":"Mudanzas Residenciales (Hogares) - Mudanzas en Lima Per&uacute;","isPartOf":{"@id":"https:\/\/www.mudanzasenlimaperu.com\/#website"},"primaryImageOfPage":{"@id":"https:\/\/www.mudanzasenlimaperu.com\/?page_id=33#primaryimage"},"image":{"@id":"https:\/\/www.mudanzasenlimaperu.com\/?page_id=33#primaryimage"},"thumbnailUrl":"https:\/\/www.mudanzasenlimaperu.com\/wp-content\/uploads\/2025\/11\/Sin-titulo-103.jpg","datePublished":"2025-11-27T23:32:08+00:00","dateModified":"2026-03-23T12:21:02+00:00","description":"Mudanzas Residenciales en Lima. Servicio completo para casas y departamentos. Traslado seguro y embalaje profesional.","breadcrumb":{"@id":"https:\/\/www.mudanzasenlimaperu.com\/?page_id=33#breadcrumb"},"inLanguage":"es","potentialAction":[{"@type":"ReadAction","target":["https:\/\/www.mudanzasenlimaperu.com\/?page_id=33"]}]},{"@type":"ImageObject","inLanguage":"es","@id":"https:\/\/www.mudanzasenlimaperu.com\/?page_id=33#primaryimage","url":"https:\/\/www.mudanzasenlimaperu.com\/wp-content\/uploads\/2025\/11\/Sin-titulo-103.jpg","contentUrl":"https:\/\/www.mudanzasenlimaperu.com\/wp-content\/uploads\/2025\/11\/Sin-titulo-103.jpg","width":737,"height":413},{"@type":"BreadcrumbList","@id":"https:\/\/www.mudanzasenlimaperu.com\/?page_id=33#breadcrumb","itemListElement":[{"@type":"ListItem","position":1,"name":"Portada","item":"https:\/\/www.mudanzasenlimaperu.com\/"},{"@type":"ListItem","position":2,"name":"Mudanzas Residenciales (Hogares)"}]},{"@type":"WebSite","@id":"https:\/\/www.mudanzasenlimaperu.com\/#website","url":"https:\/\/www.mudanzasenlimaperu.com\/","name":"Mudanzas en Lima Per&uacute;","description":"","potentialAction":[{"@type":"SearchAction","target":{"@type":"EntryPoint","urlTemplate":"https:\/\/www.mudanzasenlimaperu.com\/?s={search_term_string}"},"query-input":{"@type":"PropertyValueSpecification","valueRequired":true,"valueName":"search_term_string"}}],"inLanguage":"es"}]}},"_links":{"self":[{"href":"https:\/\/www.mudanzasenlimaperu.com\/index.php?rest_route=\/wp\/v2\/pages\/33","targetHints":{"allow":["GET"]}}],"collection":[{"href":"https:\/\/www.mudanzasenlimaperu.com\/index.php?rest_route=\/wp\/v2\/pages"}],"about":[{"href":"https:\/\/www.mudanzasenlimaperu.com\/index.php?rest_route=\/wp\/v2\/types\/page"}],"author":[{"embeddable":true,"href":"https:\/\/www.mudanzasenlimaperu.com\/index.php?rest_route=\/wp\/v2\/users\/1"}],"replies":[{"embeddable":true,"href":"https:\/\/www.mudanzasenlimaperu.com\/index.php?rest_route=%2Fwp%2Fv2%2Fcomments&post=33"}],"version-history":[{"count":49,"href":"https:\/\/www.mudanzasenlimaperu.com\/index.php?rest_route=\/wp\/v2\/pages\/33\/revisions"}],"predecessor-version":[{"id":679,"href":"https:\/\/www.mudanzasenlimaperu.com\/index.php?rest_route=\/wp\/v2\/pages\/33\/revisions\/679"}],"wp:attachment":[{"href":"https:\/\/www.mudanzasenlimaperu.com\/index.php?rest_route=%2Fwp%2Fv2%2Fmedia&parent=33"}],"curies":[{"name":"wp","href":"https:\/\/api.w.org\/{rel}","templated":true}]}}